1 (base 5) to base 6
-2452201
-70076 (base 8) to base 9
-43366
Convert 100000000000111 (base 2) to base 5.
1011031
What is -677b1 (base 15) in base 3?
-121201110111
4a70a (base 11) to base 10
72731
What is 10043040 (base 5) in base 7?
455132
3811b5 (base 16) to base 9
6820472
What is -18549 (base 11) in base 15?
-7a4c
-30131130 (base 4) to base 5
-3113121
145548 (base 9) to base 16
15d2b
What is -332011411 (base 5) in base 10?
-1438356
Convert -52136 (base 8) to base 4.
-11101132
Convert 3723404 (base 9) to base 5.
1004221203
Convert -120202110221102 (base 3) to base 4.
-133330212311
b47c1 (base 14) to base 3
211002211120
Convert 1162488 (base 12) to base 2.
1100110101001000101000
441114 (base 7) to base 6
1353323
-94bc (base 13) to base 8
-50174
-12444260 (base 7) to base 5
-242342220
What is -a3a395 (base 12) in base 6?
-131014305
Convert -d0797 (base 15) to base 9.
-1215117
100010110001000010000 (base 2) to base 16
116210
Convert 101101100110110001 (base 2) to base 9.
314216
ec9f (base 16) to base 3
10002002112
-83ba (base 12) to base 16
-383e
-39baa (base 13) to base 3
-12110101211
Convert -100065 (base 8) to base 13.
-11c29
Convert -22012212021020 (base 3) to base 9.
-8185236
-27554a (base 14) to base 15
-1bcb6b
-1001001011100110001 (base 2) to base 4
-1021130301
What is 202075 (base 10) in base 8?
612533
-903633 (base 11) to base 16
-163086
What is 164113 (base 7) in base 2?
111111110000100
What is 42000311 (base 5) in base 4?
1103330113
What is 210241143 (base 5) in base 11?
543402
Convert -520040 (base 6) to base 11.
-291a4
What is 74367 (base 12) in base 5?
14340300
-17130624 (base 8) to base 2
-1111001011000110010100
-11413111140 (base 5) to base 6
-1155232042
What is 12665033 (base 8) in base 16?
2b6a1b
What is -14401777 (base 9) in base 11?
-4041132
What is -674058 (base 11) in base 12?
-439770
Convert 7c483 (base 16) to base 5.
112242214
-12123411 (base 5) to base 11
-78907
What is 281712 (base 9) in base 2?
101001111101110101
15b482 (base 12) to base 8
1326742
What is 2b59 (base 15) in base 5?
244214
What is -223133023 (base 4) in base 8?
-533713
What is -2303051 (base 7) in base 16?
-46040
2c1337 (base 13) to base 9
2037484
What is -12304400 (base 5) in base 15?
-2556a
Convert 4ec6e (base 16) to base 10.
322670
What is 273872 (base 15) in base 4?
13030033211
Convert -376016 (base 8) to base 12.
-63326
What is -3321134 (base 6) in base 2?
-101000100100010010
What is 1297911 (base 10) in base 3?
2102221101210
What is 13897 (base 15) in base 2?
1111010011100100
What is -2011000201 (base 5) in base 11?
-2292330
What is -133132212 (base 6) in base 4?
-22030033100
-200021112011001 (base 3) to base 15
-cbd374
1142130313 (base 5) to base 8
12212747
-34024002 (base 5) to base 6
-10222311
Convert -1241224143 (base 5) to base 9.
-5700000
7d7bd (base 14) to base 2
1001010101111001011
-1130024 (base 6) to base 16
-e3e0
Convert -1313c2 (base 16) to base 9.
-2315007
586410 (base 10) to base 7
4661436
-6687015 (base 9) to base 7
-42414134
What is 20b4560 (base 12) in base 7?
103523310
What is 47aa0b (base 14) in base 9?
4543218
2301220 (base 10) to base 3
11022220200101
What is -5201245 (base 7) in base 6?
-21201101
Convert -29063 (base 11) to base 2.
-1010000101110010
Convert 299456 (base 11) to base 14.
c1d7d
What is 237695 (base 11) in base 8?
1336554
Convert -22006186 (base 9) to base 8.
-50440211
What is -21377a (base 11) in base 12?
-145886
4338b9 (base 15) to base 16
30d9c2
Convert 301301 (base 6) to base 14.
8897
What is -21120210 (base 3) in base 5?
-134104
155415 (base 7) to base 14
b2b5
What is 333111000 (base 4) in base 2?
111111010101000000
-37b1819 (base 12) to base 16
-a6ca55
706515 (base 9) to base 4
1212011120
Convert -57515540 (base 8) to base 13.
-27849b7
Convert -2643562 (base 8) to base 7.
-6166030
-a8c7f8 (base 16) to base 5
-10312424430
-6215847 (base 9) to base 15
-458011
Convert 8a0a08 (base 11) to base 2.
101011110100110000100
-14a0b96 (base 15) to base 4
-320332232133
-40a5c2 (base 14) to base 15
-2d0d5b
Convert 4415533 (base 7) to base 10.
542209
-91106 (base 10) to base 7
-526421
Convert 212001102221 (base 3) to base 12.
19a714
1062205 (base 8) to base 2
1000110010010000101
-69672 (base 11) to base 10
-100630
Convert 2088045 (base 10) to base 15.
2b3a30
2c53a (base 13) to base 7
501002
-112554406 (base 7) to base 10
-6921256
123717 (base 9) to base 4
102102331
What is 1a578 (base 14) in base 7?
366111
Convert 200331113232 (base 4) to base 2.
100000111101010111101110
Convert 1222101100002 (base 3) to base 8.
4004156
Convert -344544525 (base 6) to base 14.
-bc4bad
What is -143255 (base 6) in base 15?
-40e5
What is 22220202010 (base 3) in base 2?
101010110110001111
60170436 (base 8) to base 10
12644638
Convert -112416524 (base 7) to base 10.
-6895592
14444422 (base 5) to base 16
2624d
What is -16322541 (base 7) in base 3?
-2222120001200
What is -114130421 (base 5) in base 10?
-536361
Convert 41464 (base 9) to base 13.
c5b3
What is a9a83 (base 13) in base 6?
10330044
430885 (base 12) to base 15
15daae
What is 130330021 (base 4) in base 8?
347411
-36042327 (base 8) to base 5
-4004210233
-a98836 (base 12) to base 7
-31602312
What is 21213214 (base 5) in base 7?
1344255
10145352 (base 6) to base 13
a3b44
Convert 416504 (base 7) to base 4.
101210000
Convert 2d020 (base 14) to base 7.
646040
-3411430014 (base 5) to base 15
-9db1a9
10123315 (base 6) to base 11
189760
What is 11201330313 (base 4) in base 5?
332343113
Convert 1010101001100110101001 (base 2) to base 9.
5224624
Convert 110001021 (base 3) to base 9.
13037
What is 110000000100001110011 (base 2) in base 4?
12000201303
-5576167 (base 8) to base 4
-11233301313
What is -1102304544 (base 6) in base 8?
-55231320
-2265531 (base 10) to base 9
-4232646
Convert b32b3 (base 12) to base 10.
233703
-3b9ecd (base 16) to base 14
-739d13
Convert -23843 (base 15) to base 3.
-12202100000
Convert 1542111 (base 11) to base 12.
a7287b
What is -2a11d2 (base 14) in base 12?
-5a6730
1303547 (base 8) to base 14
96099
Convert 16434122 (base 7) to base 6.
54223545
Convert 4a307 (base 11) to base 6.
1314244
What is -102021102 (base 4) in base 13?
-27aa1
What is 280546 (base 9) in base 14?
46489
What is 8814 (base 12) in base 2?
11101010010000
-189635 (base 10) to base 11
-11a526
-20552033 (base 6) to base 12
-252619
Convert 312104 (base 5) to base 4.
2200213
Convert 1214473 (base 9) to base 14.
132446
What is -1d548 (base 15) in base 16?
-175cd
588005 (base 10) to base 2
10001111100011100101
What is 214143243 (base 5) in base 13?
2664a8
What is -1737673 (base 9) in base 2?
-11101100110110001010
Convert 23451622 (base 7) to base 11.
11a0746
4280a0 (base 14) to base 4
20211113230
Convert 165a504 (base 12) to base 14.
87a8a8
Convert -2211221212111 (base 3) to base 12.
-610727
What is 3101130 (base 5) in base 2?
1100001111110101
3310330230 (base 4) to base 7
11346045
Convert 11333221 (base 4) to base 14.
8d3b
244428 (base 14) to base 3
2100001110222
What is -32102023313 (base 4) in base 8?
-16221367
What is -100101334 (base 7) in base 13?
-1275a99
9c1252 (base 14) to base 8
24170450
Convert 13332400 (base 5) to base 12.
67074
111210321 (base 4) to base 16
15939
-6558659 (base 10) to base 4
-121001033003
Convert -b7423 (base 16) to base 10.
-750627
-102315 (base 7) to base 16
-44f4
Convert -414350004 (base 6) to base 5.
-3321333321
-1200011200 (base 3) to base 10
-32931
Convert -90458 (base 13) to base 11.
-166762
Convert -73905a (base 11) to base 7.
-13025632
-346532 (base 12) to base 11
-524591
-178074 (base 9) to base 14
-2c599
191119 (base 11) to base 9
487621
Convert -32355311 (base 6) to base 8.
-3533033
20121100101 (base 3) to base 4
133233133
4533422 (base 6) to base 4
320030312
Convert -214450151 (base 6) to base 13.
-a5367c
Convert 3734055 (base 9) to base 15.
2a1895
Convert -2429a9 (base 14) to base 5.
-304033323
Convert -105280 (base 15) to base 11.
-490700
What is -127719 (base 10) in base 14?
-3478b
-31357 (base 14) to base 10
-118657
11010010101111110011 (base 2) to base 7
10223450
Convert -10011011011100100011 (base 2) to base 6.
-21351415
-100010000101101101 (base 2) to base 13
-4b729
Convert 3f4a86 (base 16) to base 2.
1111110100101010000110
136533 (base 11) to base 14
57bb3